d derivative of q(g). What are the prime factors of y(-4)?
2, 7
Let u be 8/(-6) - (-69)/(-9). Let t = u + -15. Let l = 67 + t. What are the prime factors of l?
43
Let n(h) = 3*h**2 - 26*h - 99. What are the prime factors of n(-18)?
3, 149
Let j = -129 - -147. Let o = 122 - j. What are the prime factors of o?
2, 13
Let o be 5/((-20)/(-12)) - 39. Let c = 84 + o. List the prime factors of c.
2, 3
Let k = -3582 + 8114. What are the prime factors of k?
2, 11, 103
Suppose 4*i - q - 552 = 0, -3*q + 8 = -5*q. Let m = -62 + i. List the prime factors of m.
3, 5
Let q be (-10)/(-45) - 94/18. Let b = q + 14. Let j(m) = -m**2 + 12*m. What are the prime factors of j(b)?
3
Let v be (-1 + 1)*1/(-2). Suppose v = -2*c + 5*c - 5*w - 30, c - 3 = 4*w. Suppose 2*y - 28 = -m, 0*y = -3*y + c. What are the prime factors of m?
2, 3
Let h be ((-82)/(-4) - 2)*-2. Suppose 6 + 12 = -3*g. Let r = g - h. List the prime factors of r.
31
Let d(g) = -481*g**3 + 5*g**2 - 4*g - 5. What are the prime factors of d(-2)?
7, 79
Let l(x) be the first derivative of 17*x**2/2 - x - 1. Let f be l(2). Suppose -2*g - 5*t = -5*g + f, -2*g + t + 15 = 0. List the prime factors of g.
2, 3
Suppose 4*y - 97 - 983 = -4*z, 2*y = -4*z + 544. What are the prime factors of y?
2, 67
Let s be -1 + 540 + (-24)/6. Suppose 3*k - 128 - s = 0. List the prime factors of k.
13, 17
Let z(r) = -5*r - 27. Let t be z(-12). Let v = -10 + t. What are the prime factors of v?
23
Let i(d) = 16*d**2 + 22*d - 44. What are the prime factors of i(8)?
2, 17
Suppose -149404 = -111*x + 29*x. List the prime factors of x.
2, 911
Suppose 0 = 3*x - 99 - 99. Let n be x/30 + 3/(-15). Suppose 0 = -3*r - 4 + 19, -n*h + 75 = -3*r. List the prime factors of h.
3, 5
Let t = 23 + -19. Suppose r = -t*r + 20. Suppose 2*v = 4*x - 14 - 38, -r*v = -3*x + 44. List the prime factors of x.
2, 3
Suppose 4*t = 3*c + 4, -2*c - 7*t + 16 = -5*t. Suppose 5*b - 190 = -3*s, -c*s + 6*s = 2*b + 100. List the prime factors of s.
5, 11
Let r(y) = y**3 + y**2 - 2. Let h be r(2). Suppose 0*d - 2*d = -h. What are the prime factors of d?
5
Let j be 30 + 6/(-4)*2. What are the prime factors of (9/(-4))/(j/(-792))?
2, 3, 11
Let y(r) = -r**3 + 2*r**2 + 3*r + 1. Suppose -12*i = -9*i + 9. List the prime factors of y(i).
37
Suppose -c - r + 323 = 0, -2*r = -c + 232 + 88. What are the prime factors of c?
2, 7, 23
Let k(p) = -p**3 + p**2 + 34. List the prime factors of k(-7).
2, 3, 71
Let t = -1034 + 467. Let j be (-4)/8 + t/(-6). Suppose 30 - j = -2*d. List the prime factors of d.
2
Suppose 4*p + 9 = 7*p. Suppose -m - 4 = p*m, -5*m = 2*g + 119. Let v = 111 + g. List the prime factors of v.
2, 3
Let n(u) = -u**2 + 3*u - 3. Let v be n(3). What are the prime factors of (1 - -2)/v*-48?
2, 3
Let z = -1337 - -1964. List the prime factors of z.
3, 11, 19
Let a be 16/12*6/2. Let w(n) = n**2 - 13*n + 20. Let k be w(11). Let c = a - k. What are the prime factors of c?
2, 3
Let j(y) = -y**2 - 8*y + 12. Let h be j(-9). Suppose -w = h*w - 124. List the prime factors of w.
31
List the prime factors of 130998/33 + (-64)/(-176).
2, 5, 397
Let f(r) = -r**3 + 4*r**2 - r + 506. List the prime factors of f(0).
2, 11, 23
Let y = -243 - -637. What are the prime factors of y?
2, 197
Let y(v) = v**3 + 21*v**2 + 2*v - 6. List the prime factors of y(-20).
2, 3, 59
Suppose -7 = -3*o - 2*d + 8, -2*o = d - 11. Suppose 2*h + 680 = o*h. What are the prime factors of h?
2, 17
Let j be 8/2 + (0 - 0). Suppose -z + 124 = z + j*v, 3*z - 221 = v. What are the prime factors of z?
2, 3
Let x(l) = 110*l**3 + 3*l**2 - 3*l + 1. Let t be x(1). Let r = 178 - t. List the prime factors of r.
67
Let t be 14*(3 - (-14)/(-4)). What are the prime factors of (-184)/(-1) + (4 + -4)/t?
2, 23
Let w = 2 - 4. Let z be ((-4)/6)/(w/9). Suppose z*d - 94 = -2*i, 0 = -2*d + 5*d - 4*i - 118. List the prime factors of d.
2, 17
Let z(a) = -6*a - 17. Suppose u - 6*u = 30. What are the prime factors of z(u)?
19
Suppose 7*n = -4*u + 4*n + 258, -53 = -u + 5*n. What are the prime factors of u?
3, 7
Let u(x) = 3*x**3 - 6*x**2 + 3*x - 4. Let q be 7*(36/14 - 2). Let z be u(q). Suppose 4*h - 2*g - 108 = 0, 4*h + 0*g = g + z. What are the prime factors of h?
5
Suppose -21584 = 146*p - 165*p. List the prime factors of p.
2, 71
Let g(c) = -c**3 + 24*c**2 + 34*c + 43. List the prime factors of g(24).
859
Let c(u) = u**2 - 14*u + 2. Let o be c(14). Suppose 0 = r + o - 5, 657 = 5*z - r. What are the prime factors of z?
2, 3, 11
Let o = 13 - 7. Suppose 0*g + o*g - 324 = 0. What are the prime factors of g?
2, 3
Suppose -5*g + 2*f - 4*f + 3171 = 0, 1884 = 3*g - 5*f. List the prime factors of g.
3, 211
Let b = -9 + 9. Suppose 8 = -b*j - j. Let y(m) = -3*m - 10. List the prime factors of y(j).
2, 7
List the prime factors of 9/54*(-176340)/(-10).
2939
Let s(m) = 3*m - 14. Let w be s(6). Suppose -d - 4*h = 7 - 2, -4*d + w*h = -80. What are the prime factors of (-6)/d + 471/15?
31
Let s(g) = -g**3 + g**2 - 18*g - 45. What are the prime factors of s(-7)?
11, 43
Let b(w) = -w**2 + 11*w - 9. Let p be (-16)/(4*(-4)/8). Let d be b(p). Suppose 16*q - 19 = d*q. List the prime factors of q.
19
Suppose -3*k + q = -458, 6 = -0*q - 3*q. Suppose 2*l - k = 78. List the prime factors of l.
5, 23
Let o = 5 + 27. Let u = o + 39. What are the prime factors of u?
71
Let a be (10 + -9)/(0 - -1). Suppose 3 = -j - a. List the prime factors of (-4 + 3)*(-1 + j).
5
Suppose -11440 = -66*p + 26*p. What are the prime factors of p?
2, 11, 13
Suppose 138*q - 19720 = 118*q. What are the prime factors of q?
2, 17, 29
Suppose -n = -2*n + 98. Let v be 2/(-8) + n/8. List the prime factors of (-6)/v*16/(-2).
2
Let w(g) = -8*g + 3. Let o(b) = -9*b + 3. Let r(s) = 5*o(s) - 6*w(s). Let a be r(2). Suppose 42 = -u + a*u. What are the prime factors of u?
3, 7
What are the prime factors of 218 + (-3 - (-13 - -4))?
2, 7
Let h(x) be the second derivative of 3*x**5/20 + x**4/4 - 5*x**3/6 + 2*x**2 + x. List the prime factors of h(3).
97
Let o(m) = m**2 + 5*m + 6. Let j be o(6). Suppose 3*n = -j + 246. List the prime factors of n.
2, 29
Suppose -2*x = 2*s - 0*s, 3*x - 4*s - 35 = 0. Suppose 169 = 2*d + x*j, -d - j + 87 = 4*j. List the prime factors of d.
2, 41
Let w be 14/(2 - 16/10). Suppose 0 = 2*v + 24 + 12. Let f = w + v. List the prime factors of f.
17
Let c(i) = -2*i. Let k be c(-2). Suppose 34 = k*t - 2. Suppose 4*s + 3*x - 59 = 2*x, s + t = -5*x. List the prime factors of s.
2
Suppose 2*q + 0*q = 8. Suppose -q*v + 8 = -8, 0 = -3*b + 5*v + 193. What are the prime factors of b?
71
Let h be 10*((-24)/15 + 2). Suppose 520 + 64 = -h*t. Let w = -74 - t. List the prime factors of w.
2, 3
Let z = -13 + 12. Let w = z - -4. Suppose 6*x - 4*c - 176 = x, 0 = w*c + 12. List the prime factors of x.
2
Let z be 6/3 - 1*-596. Let p = 290 - z. List the prime factors of p/(-10) + (-2)/(-10).
31
Let q = 1509 - 1106. List the prime factors of q.
13, 31
Let t(x) = -10*x**3 - 9 + 2*x - 19*x**3 + 14*x**2 - 18*x - x**2 + 30*x**3. Let w(r) = r - 14. Let f be w(0). List the prime factors of t(f).
19
Let s = 34 - 48. Let c = -94 + 159. Let z = c + s. What are the prime factors of z?
3, 17
Suppose 0 = 12*k - 16*k + 28. Suppose k*c = 355 + 807. What are the prime factors of c?
2, 83
Let w = -1 - -5. Suppose 368 = w*h - 16. What are the prime factors of (-6 - -1)*h/(-20)?
2, 3
Let w be (-3)/(-2*(-6)/(-16)). Suppose -2 + w = r. Suppose 73 = r*z - 13. What are the prime factors of z?
43
Let m(n) = n**2 - 10*n + 9. Let j be m(9). What are the prime factors of j/(3 - 1) + 98?
2, 7
Let v(b) = 682*b + 479. List the prime factors of v(6).
7, 653
Suppose 2*x - 4*w + 10 = -12, 2*x - 5*w = -26. Let m(l) = -8*l**3 + 5*l**2 + 4*l - 4. List the prime factors of m(x).
5, 7
Suppose 0 = 78*p - 74*p. Suppose -5*v + 2*l + l + 1085 = p, 0 = 4*v + 4*l - 836. List the prime factors of v.
2, 107
Let l(g) = -21*g**3 + g**2 + 2*g + 1. Let z be l(-1). Suppose -k + 19 + z = 0. List the prime factors of k.
2, 5
Let q be (-99)/(-21) + 8/140*5. Suppose 3*m + 5*o - 88 = 0, -2*m - 92 = -q*m - o. What are the prime factors of m?
31
Suppose 5088 = 16*w + 768. What are the prime factors of w?
2, 3, 5
Let a = 5437 + -3077. List the prime factors of a.
2, 5, 59
Let n = -2130 - -3674. Suppose 7*b = -b + n. List the prime factors of b.
193
Let p = 309 - 